{"id":13800,"date":"2024-06-20T14:56:39","date_gmt":"2024-06-20T12:56:39","guid":{"rendered":"https:\/\/www.monboladegrossesse.com\/boutique\/?post_type=product&#038;p=13800"},"modified":"2024-10-30T09:21:34","modified_gmt":"2024-10-30T08:21:34","slug":"bola-de-grossesse-grigri-argent","status":"publish","type":"product","link":"https:\/\/www.monboladegrossesse.com\/boutique\/produit\/bola-de-grossesse-grigri-argent\/","title":{"rendered":"Bola de grossesse Grigri &#8211; Argent"},"content":{"rendered":"<p>Notre bola de grossesse grigri \u2013 argent est un bola personnalis\u00e9 avec des perles naturelles de lithoth\u00e9rapie. Con\u00e7u pour apaiser et r\u00e9conforter, ce pendentif \u00e9l\u00e9gant accompagne chaque mouvement de la future maman, cr\u00e9ant une douce m\u00e9lodie que b\u00e9b\u00e9 apprendra \u00e0 reconna\u00eetre.<\/p>\n<p>Fabriqu\u00e9 avec des mat\u00e9riaux de qualit\u00e9, il est l\u2019accessoire parfait pour sublimer votre maternit\u00e9.<\/p>\n<h2>Un bola de grossesse \u00e0 porter au quotidien<\/h2>\n<p>Ce mod\u00e8le, permet gr\u00e2ce \u00e0 son montage l\u00e9ger et moderne, d&rsquo;\u00eatre port\u00e9 au quotidien avec tous vos v\u00eatements de future maman. Il met parfaitement en valeur votre babybump, et sa personnalisation avec la gravure d&rsquo;une m\u00e9daille, le rend unique et (tr\u00e8s) original.<\/p>\n<ul>\n<li><strong>Pendentif bola couleur Argent<\/strong> : un pendentif couleur argent de 20 mm de diam\u00e8tre, parfait pour un look intemporel et chic.<\/li>\n<li><strong>Breloques en Acier Inoxydable<\/strong> : 3 breloques uniques (triangle avec \u0153il, \u00e9toile 3D et Peace &amp; Love) ajoutent une touche moderne et styl\u00e9e.<\/li>\n<li><strong>Perles Naturelles<\/strong> : 2 perles de 6 mm en citrine et lapis lazuli, connues pour leurs bienfaits en lithoth\u00e9rapie, et une perle bleu \u00ab\u00a0\u0153il de la chance\u00a0\u00bb pour un style distinctif.<\/li>\n<li><strong>M\u00e9daille Personnalisable<\/strong> : une m\u00e9daille en acier inoxydable de 15 mm, ou argent 925, avec jusqu&rsquo;\u00e0 20 caract\u00e8res grav\u00e9s par c\u00f4t\u00e9, pour un bijou unique et personnalis\u00e9.<\/li>\n<li><strong>Cordon en Coton Tress\u00e9<\/strong> : un collier solide et \u00e9l\u00e9gant aux couleurs bleu, noir et dor\u00e9, assurant un port confortable et s\u00e9curis\u00e9.<\/li>\n<\/ul>\n<h2>Porter un bola de grossesse qui apaise et r\u00e9conforte<\/h2>\n<p>Le doux tintement du bola aide \u00e0 apaiser et r\u00e9conforter votre b\u00e9b\u00e9, renfor\u00e7ant ainsi votre lien pr\u00e9natal. Pour une personnalisation parfaite, gravez la m\u00e9daille avec un message, un pr\u00e9nom ou un message importante pour un souvenir inoubliable. Mont\u00e9, en France, avec des mat\u00e9riaux rigoureusement s\u00e9lectionn\u00e9s, sans nickel ni plomb, pour une utilisation quotidienne sans allerg\u00e8ne.<\/p>\n<h3>Les bienfaits en lithoth\u00e9rapie des perles naturelles<\/h3>\n<p>Les perles de citrine et de lapis lazuli int\u00e9gr\u00e9es dans notre bola de grossesse apportent des bienfaits exceptionnels en lithoth\u00e9rapie.<\/p>\n<blockquote><p>La citrine, pierre de la joie de vivre, aide \u00e0 \u00e9lever l\u2019humeur et \u00e0 \u00eatre moins fatigu\u00e9.<\/p><\/blockquote>\n<p>Elle est parfaite pour soutenir la vitalit\u00e9 durant la grossesse. <strong>Le lapis lazuli, quant \u00e0 lui, est reconnu pour favoriser la communication et la s\u00e9r\u00e9nit\u00e9.<\/strong> Il aide \u00e0 apaiser le stress et \u00e0 renforcer la paix int\u00e9rieure, cr\u00e9ant ainsi un environnement harmonieux pour la future maman et son b\u00e9b\u00e9.<\/p>\n","protected":false},"excerpt":{"rendered":"<p>Notre bola de grossesse grigri \u2013 argent est un bola personnalis\u00e9 avec des perles naturelles de lithoth\u00e9rapie. Con\u00e7u pour apaiser<\/p>\n","protected":false},"featured_media":13801,"comment_status":"open","ping_status":"closed","template":"","meta":{"_acf_changed":false},"product_brand":[],"product_cat":[48],"product_tag":[],"class_list":{"0":"post-13800","1":"product","2":"type-product","3":"status-publish","4":"has-post-thumbnail","6":"product_cat-bola-a-29e","8":"first","9":"instock","10":"shipping-taxable","11":"purchasable","12":"product-type-simple"},"acf":[],"yoast_head":"<!-- This site is optimized with the Yoast SEO plugin v27.5 - https:\/\/yoast.com\/product\/yoast-seo-wordpress\/ -->\n<title>Bola de grossesse personnalis\u00e9 Grigri - Argent - avec perles<\/title>\n<meta name=\"description\" content=\"Notre bola personnalis\u00e9 Grigri - Argent, avec ces perles naturelles de lithoth\u00e9rapie. Un bijou moderne et l\u00e9ger pour femme enceinte.\" \/>\n<meta name=\"robots\" content=\"index, follow, max-snippet:-1, max-image-preview:large, max-video-preview:-1\" \/>\n<link rel=\"canonical\" href=\"https:\/\/www.monboladegrossesse.com\/boutique\/produit\/bola-de-grossesse-grigri-argent\/\" \/>\n<meta property=\"og:locale\" content=\"fr_FR\" \/>\n<meta property=\"og:type\" content=\"article\" \/>\n<meta property=\"og:title\" content=\"Bola de grossesse personnalis\u00e9 Grigri - Argent - avec perles\" \/>\n<meta property=\"og:description\" content=\"Notre bola personnalis\u00e9 Grigri - Argent, avec ces perles naturelles de lithoth\u00e9rapie. Un bijou moderne et l\u00e9ger pour femme enceinte.\" \/>\n<meta property=\"og:url\" content=\"https:\/\/www.monboladegrossesse.com\/boutique\/produit\/bola-de-grossesse-grigri-argent\/\" \/>\n<meta property=\"og:site_name\" content=\"Boutique de bola de grossesse pour future maman\" \/>\n<meta property=\"article:publisher\" content=\"https:\/\/www.facebook.com\/Bola-de-Grossesse-1360399817389794\/\" \/>\n<meta property=\"article:modified_time\" content=\"2024-10-30T08:21:34+00:00\" \/>\n<meta property=\"og:image\" content=\"https:\/\/www.monboladegrossesse.com\/boutique\/wp-content\/uploads\/2024\/06\/bola-grigri-esoterique.webp\" \/>\n\t<meta property=\"og:image:width\" content=\"1500\" \/>\n\t<meta property=\"og:image:height\" content=\"1500\" \/>\n\t<meta property=\"og:image:type\" content=\"image\/webp\" \/>\n<meta name=\"twitter:card\" content=\"summary_large_image\" \/>\n<meta name=\"twitter:label1\" content=\"Dur\u00e9e de lecture estim\u00e9e\" \/>\n\t<meta name=\"twitter:data1\" content=\"3 minutes\" \/>\n<script type=\"application\/ld+json\" class=\"yoast-schema-graph\">{\"@context\":\"https:\\\/\\\/schema.org\",\"@graph\":[{\"@type\":\"WebPage\",\"@id\":\"https:\\\/\\\/www.monboladegrossesse.com\\\/boutique\\\/produit\\\/bola-de-grossesse-grigri-argent\\\/\",\"url\":\"https:\\\/\\\/www.monboladegrossesse.com\\\/boutique\\\/produit\\\/bola-de-grossesse-grigri-argent\\\/\",\"name\":\"Bola de grossesse personnalis\u00e9 Grigri - Argent - avec perles\",\"isPartOf\":{\"@id\":\"https:\\\/\\\/www.monboladegrossesse.com\\\/boutique\\\/#website\"},\"primaryImageOfPage\":{\"@id\":\"https:\\\/\\\/www.monboladegrossesse.com\\\/boutique\\\/produit\\\/bola-de-grossesse-grigri-argent\\\/#primaryimage\"},\"image\":{\"@id\":\"https:\\\/\\\/www.monboladegrossesse.com\\\/boutique\\\/produit\\\/bola-de-grossesse-grigri-argent\\\/#primaryimage\"},\"thumbnailUrl\":\"https:\\\/\\\/www.monboladegrossesse.com\\\/boutique\\\/wp-content\\\/uploads\\\/2024\\\/06\\\/bola-grigri-esoterique.webp\",\"datePublished\":\"2024-06-20T12:56:39+00:00\",\"dateModified\":\"2024-10-30T08:21:34+00:00\",\"description\":\"Notre bola personnalis\u00e9 Grigri - Argent, avec ces perles naturelles de lithoth\u00e9rapie. Un bijou moderne et l\u00e9ger pour femme enceinte.\",\"breadcrumb\":{\"@id\":\"https:\\\/\\\/www.monboladegrossesse.com\\\/boutique\\\/produit\\\/bola-de-grossesse-grigri-argent\\\/#breadcrumb\"},\"inLanguage\":\"fr-FR\",\"potentialAction\":[{\"@type\":\"ReadAction\",\"target\":[\"https:\\\/\\\/www.monboladegrossesse.com\\\/boutique\\\/produit\\\/bola-de-grossesse-grigri-argent\\\/\"]}]},{\"@type\":\"ImageObject\",\"inLanguage\":\"fr-FR\",\"@id\":\"https:\\\/\\\/www.monboladegrossesse.com\\\/boutique\\\/produit\\\/bola-de-grossesse-grigri-argent\\\/#primaryimage\",\"url\":\"https:\\\/\\\/www.monboladegrossesse.com\\\/boutique\\\/wp-content\\\/uploads\\\/2024\\\/06\\\/bola-grigri-esoterique.webp\",\"contentUrl\":\"https:\\\/\\\/www.monboladegrossesse.com\\\/boutique\\\/wp-content\\\/uploads\\\/2024\\\/06\\\/bola-grigri-esoterique.webp\",\"width\":1500,\"height\":1500,\"caption\":\"Bola de grossesse Grigri - Argent, mod\u00e8le \u00e9sot\u00e9rique\"},{\"@type\":\"BreadcrumbList\",\"@id\":\"https:\\\/\\\/www.monboladegrossesse.com\\\/boutique\\\/produit\\\/bola-de-grossesse-grigri-argent\\\/#breadcrumb\",\"itemListElement\":[{\"@type\":\"ListItem\",\"position\":1,\"name\":\"Accueil\",\"item\":\"https:\\\/\\\/www.monboladegrossesse.com\\\/boutique\\\/\"},{\"@type\":\"ListItem\",\"position\":2,\"name\":\"Shop\",\"item\":\"https:\\\/\\\/www.monboladegrossesse.com\\\/boutique\\\/shop\\\/\"},{\"@type\":\"ListItem\",\"position\":3,\"name\":\"Bola de grossesse Grigri &#8211; Argent\"}]},{\"@type\":\"WebSite\",\"@id\":\"https:\\\/\\\/www.monboladegrossesse.com\\\/boutique\\\/#website\",\"url\":\"https:\\\/\\\/www.monboladegrossesse.com\\\/boutique\\\/\",\"name\":\"Boutique de bola de grossesse pour future maman\",\"description\":\"\",\"publisher\":{\"@id\":\"https:\\\/\\\/www.monboladegrossesse.com\\\/boutique\\\/#organization\"},\"potentialAction\":[{\"@type\":\"SearchAction\",\"target\":{\"@type\":\"EntryPoint\",\"urlTemplate\":\"https:\\\/\\\/www.monboladegrossesse.com\\\/boutique\\\/?s={search_term_string}\"},\"query-input\":{\"@type\":\"PropertyValueSpecification\",\"valueRequired\":true,\"valueName\":\"search_term_string\"}}],\"inLanguage\":\"fr-FR\"},{\"@type\":\"Organization\",\"@id\":\"https:\\\/\\\/www.monboladegrossesse.com\\\/boutique\\\/#organization\",\"name\":\"Boutique de bola de grossesse pour future maman\",\"url\":\"https:\\\/\\\/www.monboladegrossesse.com\\\/boutique\\\/\",\"logo\":{\"@type\":\"ImageObject\",\"inLanguage\":\"fr-FR\",\"@id\":\"https:\\\/\\\/www.monboladegrossesse.com\\\/boutique\\\/#\\\/schema\\\/logo\\\/image\\\/\",\"url\":\"https:\\\/\\\/www.monboladegrossesse.com\\\/boutique\\\/wp-content\\\/uploads\\\/2024\\\/06\\\/cropped-logo-bola-470X110.webp\",\"contentUrl\":\"https:\\\/\\\/www.monboladegrossesse.com\\\/boutique\\\/wp-content\\\/uploads\\\/2024\\\/06\\\/cropped-logo-bola-470X110.webp\",\"width\":470,\"height\":110,\"caption\":\"Boutique de bola de grossesse pour future maman\"},\"image\":{\"@id\":\"https:\\\/\\\/www.monboladegrossesse.com\\\/boutique\\\/#\\\/schema\\\/logo\\\/image\\\/\"},\"sameAs\":[\"https:\\\/\\\/www.facebook.com\\\/Bola-de-Grossesse-1360399817389794\\\/\",\"https:\\\/\\\/www.pinterest.fr\\\/monboladegrossesse\\\/\",\"https:\\\/\\\/www.youtube.com\\\/@Monboladegrossesse-x3f\",\"https:\\\/\\\/www.tiktok.com\\\/@bola.de.grossesse?lang=fr\"]}]}<\/script>\n<!-- \/ Yoast SEO plugin. -->","yoast_head_json":{"title":"Bola de grossesse personnalis\u00e9 Grigri - Argent - avec perles","description":"Notre bola personnalis\u00e9 Grigri - Argent, avec ces perles naturelles de lithoth\u00e9rapie. Un bijou moderne et l\u00e9ger pour femme enceinte.","robots":{"index":"index","follow":"follow","max-snippet":"max-snippet:-1","max-image-preview":"max-image-preview:large","max-video-preview":"max-video-preview:-1"},"canonical":"https:\/\/www.monboladegrossesse.com\/boutique\/produit\/bola-de-grossesse-grigri-argent\/","og_locale":"fr_FR","og_type":"article","og_title":"Bola de grossesse personnalis\u00e9 Grigri - Argent - avec perles","og_description":"Notre bola personnalis\u00e9 Grigri - Argent, avec ces perles naturelles de lithoth\u00e9rapie. Un bijou moderne et l\u00e9ger pour femme enceinte.","og_url":"https:\/\/www.monboladegrossesse.com\/boutique\/produit\/bola-de-grossesse-grigri-argent\/","og_site_name":"Boutique de bola de grossesse pour future maman","article_publisher":"https:\/\/www.facebook.com\/Bola-de-Grossesse-1360399817389794\/","article_modified_time":"2024-10-30T08:21:34+00:00","og_image":[{"width":1500,"height":1500,"url":"https:\/\/www.monboladegrossesse.com\/boutique\/wp-content\/uploads\/2024\/06\/bola-grigri-esoterique.webp","type":"image\/webp"}],"twitter_card":"summary_large_image","twitter_misc":{"Dur\u00e9e de lecture estim\u00e9e":"3 minutes"},"schema":{"@context":"https:\/\/schema.org","@graph":[{"@type":"WebPage","@id":"https:\/\/www.monboladegrossesse.com\/boutique\/produit\/bola-de-grossesse-grigri-argent\/","url":"https:\/\/www.monboladegrossesse.com\/boutique\/produit\/bola-de-grossesse-grigri-argent\/","name":"Bola de grossesse personnalis\u00e9 Grigri - Argent - avec perles","isPartOf":{"@id":"https:\/\/www.monboladegrossesse.com\/boutique\/#website"},"primaryImageOfPage":{"@id":"https:\/\/www.monboladegrossesse.com\/boutique\/produit\/bola-de-grossesse-grigri-argent\/#primaryimage"},"image":{"@id":"https:\/\/www.monboladegrossesse.com\/boutique\/produit\/bola-de-grossesse-grigri-argent\/#primaryimage"},"thumbnailUrl":"https:\/\/www.monboladegrossesse.com\/boutique\/wp-content\/uploads\/2024\/06\/bola-grigri-esoterique.webp","datePublished":"2024-06-20T12:56:39+00:00","dateModified":"2024-10-30T08:21:34+00:00","description":"Notre bola personnalis\u00e9 Grigri - Argent, avec ces perles naturelles de lithoth\u00e9rapie. Un bijou moderne et l\u00e9ger pour femme enceinte.","breadcrumb":{"@id":"https:\/\/www.monboladegrossesse.com\/boutique\/produit\/bola-de-grossesse-grigri-argent\/#breadcrumb"},"inLanguage":"fr-FR","potentialAction":[{"@type":"ReadAction","target":["https:\/\/www.monboladegrossesse.com\/boutique\/produit\/bola-de-grossesse-grigri-argent\/"]}]},{"@type":"ImageObject","inLanguage":"fr-FR","@id":"https:\/\/www.monboladegrossesse.com\/boutique\/produit\/bola-de-grossesse-grigri-argent\/#primaryimage","url":"https:\/\/www.monboladegrossesse.com\/boutique\/wp-content\/uploads\/2024\/06\/bola-grigri-esoterique.webp","contentUrl":"https:\/\/www.monboladegrossesse.com\/boutique\/wp-content\/uploads\/2024\/06\/bola-grigri-esoterique.webp","width":1500,"height":1500,"caption":"Bola de grossesse Grigri - Argent, mod\u00e8le \u00e9sot\u00e9rique"},{"@type":"BreadcrumbList","@id":"https:\/\/www.monboladegrossesse.com\/boutique\/produit\/bola-de-grossesse-grigri-argent\/#breadcrumb","itemListElement":[{"@type":"ListItem","position":1,"name":"Accueil","item":"https:\/\/www.monboladegrossesse.com\/boutique\/"},{"@type":"ListItem","position":2,"name":"Shop","item":"https:\/\/www.monboladegrossesse.com\/boutique\/shop\/"},{"@type":"ListItem","position":3,"name":"Bola de grossesse Grigri &#8211; Argent"}]},{"@type":"WebSite","@id":"https:\/\/www.monboladegrossesse.com\/boutique\/#website","url":"https:\/\/www.monboladegrossesse.com\/boutique\/","name":"Boutique de bola de grossesse pour future maman","description":"","publisher":{"@id":"https:\/\/www.monboladegrossesse.com\/boutique\/#organization"},"potentialAction":[{"@type":"SearchAction","target":{"@type":"EntryPoint","urlTemplate":"https:\/\/www.monboladegrossesse.com\/boutique\/?s={search_term_string}"},"query-input":{"@type":"PropertyValueSpecification","valueRequired":true,"valueName":"search_term_string"}}],"inLanguage":"fr-FR"},{"@type":"Organization","@id":"https:\/\/www.monboladegrossesse.com\/boutique\/#organization","name":"Boutique de bola de grossesse pour future maman","url":"https:\/\/www.monboladegrossesse.com\/boutique\/","logo":{"@type":"ImageObject","inLanguage":"fr-FR","@id":"https:\/\/www.monboladegrossesse.com\/boutique\/#\/schema\/logo\/image\/","url":"https:\/\/www.monboladegrossesse.com\/boutique\/wp-content\/uploads\/2024\/06\/cropped-logo-bola-470X110.webp","contentUrl":"https:\/\/www.monboladegrossesse.com\/boutique\/wp-content\/uploads\/2024\/06\/cropped-logo-bola-470X110.webp","width":470,"height":110,"caption":"Boutique de bola de grossesse pour future maman"},"image":{"@id":"https:\/\/www.monboladegrossesse.com\/boutique\/#\/schema\/logo\/image\/"},"sameAs":["https:\/\/www.facebook.com\/Bola-de-Grossesse-1360399817389794\/","https:\/\/www.pinterest.fr\/monboladegrossesse\/","https:\/\/www.youtube.com\/@Monboladegrossesse-x3f","https:\/\/www.tiktok.com\/@bola.de.grossesse?lang=fr"]}]}},"wcpa_form_fields":null,"_links":{"self":[{"href":"https:\/\/www.monboladegrossesse.com\/boutique\/wp-json\/wp\/v2\/product\/13800","targetHints":{"allow":["GET"]}}],"collection":[{"href":"https:\/\/www.monboladegrossesse.com\/boutique\/wp-json\/wp\/v2\/product"}],"about":[{"href":"https:\/\/www.monboladegrossesse.com\/boutique\/wp-json\/wp\/v2\/types\/product"}],"replies":[{"embeddable":true,"href":"https:\/\/www.monboladegrossesse.com\/boutique\/wp-json\/wp\/v2\/comments?post=13800"}],"wp:featuredmedia":[{"embeddable":true,"href":"https:\/\/www.monboladegrossesse.com\/boutique\/wp-json\/wp\/v2\/media\/13801"}],"wp:attachment":[{"href":"https:\/\/www.monboladegrossesse.com\/boutique\/wp-json\/wp\/v2\/media?parent=13800"}],"wp:term":[{"taxonomy":"product_brand","embeddable":true,"href":"https:\/\/www.monboladegrossesse.com\/boutique\/wp-json\/wp\/v2\/product_brand?post=13800"},{"taxonomy":"product_cat","embeddable":true,"href":"https:\/\/www.monboladegrossesse.com\/boutique\/wp-json\/wp\/v2\/product_cat?post=13800"},{"taxonomy":"product_tag","embeddable":true,"href":"https:\/\/www.monboladegrossesse.com\/boutique\/wp-json\/wp\/v2\/product_tag?post=13800"}],"curies":[{"name":"wp","href":"https:\/\/api.w.org\/{rel}","templated":true}]}}